20 + 44 + 5 + 19?
48
What is 7 + -6 + 16 + -3 - (36 + -44)?
22
98 + 128 + -40 + -140
46
What is the value of 45 + -21 + (-8 - (30 - 59))?
45
Evaluate -20 + 0 + (-17 - 5 - -9).
-33
What is the value of 8 + 0 - (3 + (-5 + 16 - 41))?
35
Evaluate 43 + (-7 + 48 + -12 - 43).
29
What is 101 + (69 - (-37 - (22 + -89)))?
140
What is (-7 + 9 + 13 - -14) + 2 - (11 + -1)?
21
Evaluate (-2 - (16 - (-7 + 24 + 3))) + -3.
-1
Evaluate 53 - 1 - (19 - -65 - 66).
34
Evaluate -58 + (1 - -2) + 75 + -69 + -1 + -4.
-54
What is the value of 6 + (-14 - 22) + 24 - -22 - -6?
22
What is the value of -1399 + 1351 - (-65 + 1)?
16
Evaluate 22 + (26 - 13 - 92) + 26.
-31
What is -26 - (-27 - (-19 + 33))?
15
What is the value of -20 - (-3 + -5) - (307 - 301)?
-18
What is -47 + (1 - (2 + -7 - -3)) + -3 + 10?
-37
Evaluate 0 - 0 - -2 - (-106 + -95 + 163).
40
What is -40 + -10 + -8 + -11 + (32 - 7)?
-44
What is (-647 - -646) + (61 - (2 + (-3 - -3) - -1))?
57
What is (1 - (1 - 15)) + (-41 - (-89 - (-130 + 84)))?
17
What is 13 + 6 + 47 + -12 + -55?
-1
What is the value of 54 - (48 + (0 - -29))?
-23
(-66 - 29 - -87) + -53
-61
Evaluate 39 - (6 + 128 + -10 + -20).
-65
What is the value of 87 - 51 - (26 + 55) - -20?
-25
Evaluate (-8 + 2 - 28 - -91) + (2 - -6).
65
What is the value of -36 + -6 + 14 + 1 - -93?
66
What is the value of -12 - (-8 + (-5 - -10) + -11)?
2
Calculate (-4 - (-44 - -33)) + 33 - 49.
-9
Evaluate (-3 - 2 - (4 - 1)) + (92 - (94 - -4)).
-14
What is (-26 - -85) + (5 + -1 - 1 - (-762 - -764))?
60
((-2 - (-5 + 18)) + 36 - (13 - 1)) + -57
-48
Calculate 52 + -110 + 22 + 52.
16
What is the value of (-7 - -17 - -11) + (9 - (-11 + 8))?
33
What is the value of 43 + (25 - (28 + 36))?
4
Calculate 164 - (-13 + (21 - -11) + 22).
123
Calculate (49 - -34) + (-24 - (2 + -7)) + 8.
72
What is -82 + (123 - (164 - 62))?
-61
Evaluate 10 + (-9 - 6 - -8) + 18 + 9.
30
What is 7 + (0 - (2 + -1)) - (-85 - (62 - 57))?
96
What is the value of -2801 + 2691 - (-185 - -1)?
74
What is -12 - (1 + -19) - (7 - (10 - 10))?
-1
What is the value of (-5 - -5 - 3) + (-23 - (-10 + -11 + 34))?
-39
What is -23 + -47 + 101 - -60?
91
-67 + (-46 - -39 - -121)
47
Evaluate (2 - (-1 + -1 + 4)) + (-2957 - -2858).
-99
Calculate 67 - 1 - ((2 - (15 - 46)) + -19 - 7).
59
4 - ((-51 - (-95 - -45)) + -1 + 0 + -18)
24
Calculate -19 + 1 + 127 + -121 + (-11 - -11) - -9.
-3
Calculate 42 + (-1 - 19) + -11.
11
-82 - (-106 - -18) - (-1 + -33 + 3)
37
Calculate -6 + 2 + -7 + 24 + 63 + 29 + -18.
87
Evaluate -1 + -1 + 1 - (-439 + 412 - (-1 - 52)).
-27
What is 30 - -30 - 87 - 71?
-98
Evaluate (2 - -3 - -7) + 6 + -10 + 0.
8
Calculate (-12 - ((-5 - -2 - 3) + 3)) + -3.
-12
Calculate 3 + (3 - (9 - -84)) + (85 - 69).
-71
-361 + 373 - (18 - 5 - 6)
5
-1 - 8 - (1875 + -1788)
-96
-7 + (1 - 5) - (-125 + 165)
-51
Calculate 1062 + -963 - (-2 - -81).
20
Evaluate (4 + -20 + 26 - 43) + -9 - (1 - 1).
-42
What is the value of (85 - -5 - (-19 - (-15 + 5))) + -22 + 9?
86
What is the value of -187 + 222 - (83 + 1) - (12 - (0 + 1))?
-60
What is the value of -81 + 47 - (38 + -28)?
-44
What is 17 + (-220 - -126) + -28?
-105
What is 785 + -764 + (51 - -1 - 1) + 2?
74
Evaluate -24 - -5 - (6 - (11 - -18)).
4
Calculate -22 + -134 + 62 + -19.
-113
What is (-6 - -108) + -694 + 520?
-72
Calculate 23 + (-2 - (-9 + (2 - -7) + -4) - -9).
34
Evaluate 10 + 12 + -9 + -16 - (69 + (-2 - 2)).
-68
What is the value of -5 + 95 - ((-123 - -135) + 3)?
75
What is the value of -123 + 116 + (-75 - (-2 + 3 + 8 + -8))?
-83
Evaluate -123 + (34 - -4) + (7 - (6 + 13)).
-97
Calculate (1 + -2 - 8) + (152 - -2) + -148.
-3
What is the value of 28 - (15 - 22 - (3 - (-2 + 6)))?
34
Evaluate (-15 - (4 + (8 - 2 - 3))) + -7.
-29
Calculate -44 + 10 + (-131 - -139).
-26
Calculate (7 - 18) + 0 + (-6 - -69).
52
Calculate 16 + (-1 - (-13 + 18 + 5 + -6)).
11
What is the value of -1 + 20 - (-59 + (30 - -34))?
14
What is the value of (-1 - 16) + (22 - 10 - -3) + 69?
67
What is 122 + (-19 - -26) + -38?
91
What is the value of -30 + (26 + (-25 - 20) - 9)?
-58
(32 - -56 - 69 - (-120 + -3)) + -24
118
What is -54 + (-26 - (-75 + 11))?
-16
Evaluate 1 + 20 + 0 + (19115 - 19161).
-25
Calculate -12 + (-33 - -52 - -77).
84
-114 + (-146 - -105 - -97)
-58
8 - (-34 - (6 + -11 + 3 - (-2 + 12)))
30
189 + -120 + -77 + -41
-49
82 + (-61 - (77 + -80))
24
Calculate -46 - -12 - 77 - -56.
-55
Calculate -6 + 24 + (-8 - (58 + -7) - 5).
-46
What is the value of 15 + 16 + -10 + -3 + -12 + 5?
11
0 + (1 + 30 - (58 - 65 - 1))
39
What is the value of -106 + (-2 - 28 - -9 - -38)?
-89
What is the value of -13 + 50 - 47 - (20 + 0 + -2)?
-28
Evaluate -53 + (1 - 0) + (-166 - -174) + 6 - 7.
-45
Evaluate (8 - -6) + 4 + 5 + (17 - 59).
-19
What is -129 + 68 - (8 + -4 + -4 + 7)?
-68
What is ((34 - 68) + 31 - 92) + 37?
-58
What is the value of -216 + 311 + (-94 - -7)?
8
What is the value of -12 + 1 + 5 + (18 - (11 - -1))?
0
What is -151 + (129 - -11) - (-36 - 2 - 0)?
27
What is the value of 3088 + -3051 + (43 - 1)?
79
What is the value of -72 + -5 + -53 + 82?
-48
What is -228 + 187 + (1 - -18) - -70?
48
What is the value of 104 - (-6 + (49 - 60) - (3 + -34))?
90
What is 48 + 1 + 37 + (-21 - 1) + -25?
39
What is (-20 - (-21 - 7) - -1 - (-21 - 0)) + 1?
31
Evaluate (31 - 19) + -33 - (-4 - -11).
-28
What is (-23 + 8 - -6) + 0 + -3 + -7?
-19
What is the value of -86 + 36 + 53 + -71?
-68
Evaluate 60 + 13 + -75 + 48.
46
Calculate 17 - (13 + -23 - -5 - (34 - 20)).
36
41 + (-46 - 48) + 22
-31
Calculate (1 - -9) + (7 - 14) + (-1 - (-25 + 3)).
24
-9 + 1 - 1 - (9 + 11 + -6 - 0)
-23
-49 - (-24 - (-39 - -48))
-16
Evaluate 64 + -8 + -81 + -47 + -1.
-73
74 - (4 + 5 + -13 + (-10 - -12) + 15)
61
Evaluate -18 - (15 + -17 + 25 - 19).
-22
Calculate -22 - (1 - (-14 + 31 - -19 - 17)).
-4
Evaluate 39 + (-7 - 1) + (-717 - -538).
-148
-23 - (38 + (-31 + -1 - -14) + 13)
-56
What is the value of (-57 - -15) + 178 + -133 + (1 - (2 + -25))?
27
61 + (9 - (-12 + 10) - (21 + -29))
80
Calculate (-10 - -21) + -22 + (30 - -2).
21
Calculate 0 + 0 - (1 - 3) - (-219 - (303 - 528)).
-4
What is the value of 22 + (-13 + -1 - (383 - 386))?
11
Calculate -1629 - -1619 - (1 - -15) - (-2 - -17 - 1).
-40
Calculate 6 + (20 - (41 + 17 + 1)) + 17.
-16
-47 + 78 + (-9 - 31) + -2 + -11
-22
Evaluate -30 + -1 + 2 - (2 + 49 - (30 + 7)).
-43
What is the value of (-227 - -235) + 1 + -5 + (7 - 33)?
-22
Evaluate -11 - -3 - (5 + (-83 - -24)) - (-7 - 0).
53
What is the value of 1 + (-1 - -1 - (136 + -168 - -1))?
32
-1 + -43 - (-12 + 19 - 11)
-40
What is (-15 - -6) + -21 + (-83 - -95)?
-18
What is the value of -63 - (-87 + (44 - 21))?
1
What is (13 - -3) + -2 - (180 + -105) - -10?
-51
Calculate -3 + 1 - (1 - 31) - ((0 - -104) + -93).
17
(-67 - 63 - -67) + -4
-67
-2 + 10 + (-8667 - -8721)
62
What is the value of -62 + 88 + -16 + (-12 - 63)?
-65
What is the value of -35 - (-8 + (3 - (8 + (2 + 0 - 5))))?
-25
What is -18 - (33 - 74) - (1 + 3 + -2 - 4)?
25
What is the value of (1045 - 1077) + 64 + -2?
30
What is (-69 - 0 - 1) + (-9477 - -9503)?
-44
(-4 - -6) + -11 + -7 - -14 - (-1 + -50)
49
Calculate -9 - ((116 - 96) + 1 + -44) - 16.
-2
Calculate -1 + 29 - (1085 - 1093).
36
Calculate 3 + (24 - 40) + 8 + -2 + 2.
-5
Calculate (17 - (81 + 2)) + 39 - (-2 - 5 - -2).
-22
What is -6 + (0 - (-1 - -49)) + (-85 - (42 - 129))?
-52
Calculate 2 + (-4 - -24) - (-143 + 147).
18
-142 - (-940 + 984 + (-1 - 89))
-96
Evaluate -45 - ((0 - 16) + (91 - 87)).
-33
(15 - 13) + (35 + 0 - 34)
3
What is -136 - (15 + (0 - -24) + -196 + 147)?
-126
Calculate 106 + -58 + -60 - ((1 - 99) + 0).
86
What is -9 + (15 - -8 - (-9 - -24)) + (14 - -2)?
15
Calculate -36 + 136 + -4 + 98 + -141.
53
Evaluate 16 - ((12 - 33) + 19 - (6 + 3)).
27
3 - 0 - -78 - -3 - (4840 - 4815)
59
(-21 - (-61 + 26) - -8) + 8 + -28
2
42 - 1 - (584 + -542)
-1
What is the value of -61 - -63 - 5 - -5?
2
Calculate 234 - 90 - 164 - (-1 + 28).
-47
What is the value of (-78 - -179) + 38 + -131?
8
What is the value of -29 + -73 + 55 - -41?
-6
What is (-7 - (-5 + -13)) + (23 - 11) + (-3 - 0)?
20
What is -62 + 27 + 15 + 35?
15
Evaluate -8 - ((-5 - 3) + 10 - -3) - -3.
-10
(76 - (-6 - -6)) + (4 - 5) + -2 + -4
69
What is the value of 24 + -47 + (-212 - -272)?
37
-9 + 6 + -361 + 386
22
(-3 + -1 - -3) + 16 + -59 + -98 + 272
130
What is 6 - (-20 + (8 - -26) + -26)?
18
What is (2 - 4) + -3